 o(v) = v**2 + 5*v**3 - 7*v**3 + 3 + v**3. What is o(0)?
3
Let r(d) = -3*d - 11. Let h(o) = o - 1. Let s be (-2 + 1)*(1 + 4)/(-5). Let t(k) = s*r(k) + 4*h(k). Give t(7).
-8
Let q(w) = 14*w**3 + 20*w**2 + 9*w + 11. Let o(p) = 5*p**3 + 7*p**2 + 3*p + 4. Let a(m) = -17*o(m) + 6*q(m). Suppose 0*r - 6 = -3*r. Calculate a(r).
0
Let d(x) = -5*x**2 + 5*x - 5. Let f(u) = -7*u**2 + 5*u - 4. Let b(m) = 4*d(m) - 3*f(m). Calculate b(-6).
-2
Let s(l) = -1 + 7*l**2 + 0 - 1. Let i be s(1). Let k(b) = b**2 - 5*b - 3. Give k(i).
-3
Let u(z) be the third derivative of z**7/252 + z**6/360 + z**5/120 - 17*z**4/12 + 12*z**2. Let f(t) be the second derivative of u(t). What is f(-1)?
9
Let f be 4 + 18/(-1 + -2) - -19. Let u(t) = t**3 - 18*t**2 + 16*t + 20. What is u(f)?
3
Let j(p) = -p - 4*p**3 - 4*p**3 + 7*p**3 + 0*p**3 - 2 + 0*p**3 - 4*p**2. Suppose -g + 8 = -2*r, 5*g - 8 = g. Determine j(r).
-8
Let k(n) = 2 - 5 - n + 4*n + 5*n. Let r be (32/48)/(2/(-24)). Let p be (7/28)/((-1)/r). Determine k(p).
13
Let h(p) = 28*p**2 - 27*p - 63. Let v(f) = -13*f**2 + 13*f + 30. Let b(y) = -6*h(y) - 13*v(y). Calculate b(7).
-12
Let d(t) = t**3 - 5*t**2 + 3*t + 1. Let y = -600 - -603. Give d(y).
-8
Let b(i) = 2*i**2 + 3. Let d(j) = 1. Let q(c) = b(c) - 3*d(c). Suppose -5 - 1 = -3*p. What is q(p)?
8
Let d(r) = -r - 1. Suppose -2*v = -7*v. Suppose 6*s - 3*s - 6 = v. Suppose -8 = 3*g - s. What is d(g)?
1
Let v be ((6/(-5))/1)/((-1)/5). Let h(c) = -15*c**3 + 1 + 12*c - v*c - 8*c. Calculate h(1).
-16
Let t(o) = o**3 + 5*o**2 - 5*o - 7. Suppose 5*d - 25 = 5*h, -h + 56*d - 5 = 59*d. Determine t(h).
18
Let q(o) = -o - 18. Let x be (-3 - 13/(-5))*-5. Let b(u) = u - 2. Let p be b(x). Calculate q(p).
-18
Suppose 0 = 2*s + 3 - 1. Let w(m) = m + 1. Let k(n) = n - 6. Let y(c) = s*k(c) - 3*w(c). Let b = 21 + -19. What is y(b)?
-5
Let z(m) = -m - 7. Suppose 0 = -2*p + 2*c + 14, 3 + 4 = p + 5*c. Suppose -n = -4*w + 17, 3*w + 4*n = -n + p. Let k = -4 + w. Calculate z(k).
-7
Let g(w) = 2*w**2 + 4*w + 4. Let s(q) = q**3 - 7*q**2 + 2*q - 7. Let k be s(7). Let f(v) = v**2 - 6*v - 10. Let i be f(k). Determine g(i).
10
Suppose -5*b = 2*k - 37, 5*k + 3*b + 2*b = 55. Let c(f) be the first derivative of -f**3/3 + 3*f**2 + 3*f - 2. Determine c(k).
3
Suppose 0*t - 2*t = -8. Let s = -28 - -31. Let l(o) = -3*o + 3 - o + s - 4 - 3*o**2 + o**3. Calculate l(t).
2
Let l(n) = n + 8. Let p(y) = y + 7. Let v be p(7). Let t be 52/v - (-4)/14. Let j be 1/(-4) - t/(-16). Calculate l(j).
8
Suppose 0 = i - 5*g + 18, -8*i = -13*i + 4*g - 48. Let j(l) = l**3 + 9*l**2 + 10*l + 12. Determine j(i).
-4
Let w(d) = 25 - 25 + 2*d. Let m = 0 + -3. Let z = 8 + m. Give w(z).
10
Suppose 27*t + 87 = -2*t. Let w(c) = c**2 + 4*c + 2. Give w(t).
-1
Let c(i) = -2*i**2 + 35 + 4*i**2 - i**3 - 53 + 18*i + 17*i**2 - 3*i**2. What is c(17)?
-1
Let l(p) be the third derivative of p**6/120 - p**5/12 - p**4/8 + p**3/3 - 363*p**2. Give l(6).
20
Let r(m) be the first derivative of -5*m**4/12 - m**3/2 - m**2 + 23*m - 23. Let h(t) be the first derivative of r(t). Give h(-2).
-16
Suppose -5*z + 5*f = 40, -f = 4*z + 89 - 62. Let i(b) = -b - 13. Calculate i(z).
-6
Suppose 7*n = -2*n + 54. Let q(j) be the first derivative of j**4/24 + j**3/3 + 2*j**2 + 6. Let o(b) be the second derivative of q(b). What is o(n)?
8
Let s(j) = 8 + j - 2 - 3 + 3 + 4*j. What is s(5)?
31
Let l = 675 + -676. Let z(d) = d + 13. Let b be z(-10). Let f(x) = -3*x**2 + 4*x - b*x + 5*x**2. What is f(l)?
1
Let o be -2*((-6)/(-3) - -1). Let s(u) = 21*u + 12 - 6 - 5. Let t(p) = -5*p. Let j(i) = 2*s(i) + 9*t(i). What is j(o)?
20
Let f(j) = 5*j**2 + 4. Let n(s) = 6*s**2 + s + 4. Let k be (6/8)/((-11)/(-264)). Suppose 2*c = -3*r - k - 7, 5*c = -10. Let w(l) = r*f(l) + 6*n(l). Give w(-5).
-9
Let c = 21 - 18. Let g = c - 6. Let n(s) be the second derivative of s**4/12 + 2*s**3/3 - s. Determine n(g).
-3
Let x(p) = -p**2 - 5*p + 2. Let q be x(-5). Let w(m) = 1 - 2 + 2 - q*m - 3. Suppose 16 = -4*i, i - 6 = -0*g - 5*g. Calculate w(g).
-6
Let o(g) be the first derivative of -g**4/4 - 7*g**3/3 - 7*g**2/2 - 2*g - 27. Give o(-6).
4
Let m(p) = 8*p**3 - 3*p**2 + 3*p + 4. Let t(b) = -b**2 + b + 1. Let z(x) = -m(x) + 3*t(x). Let u = 18 + -36. Let c be 2/10 + u/15. What is z(c)?
7
Let v(m) = -4*m**3 + m**2 + m + 3. Let s(c) = -c**3 - 14*c**2 - 24*c + 4. Let f be s(-12). Let i(j) = -5*j**3 + 3. Let x(r) = f*v(r) - 3*i(r). What is x(5)?
-2
Suppose 3*k = 19 - 1. Let w be ((-21)/(-6))/7*k. Suppose -5*d - 27 = -4*h, d + w*d = 2*h - 24. Let u(q) = q + 16. Calculate u(d).
9
Let z be 1/(-2)*-2*5. Suppose -5*v = 2*d + d + 6, -2*d = z*v + 9. Let w(n) = -7*n**2 - 1 + 2*n**3 - n**d + n - 2*n + 6*n. Determine w(6).
-7
Let w be (-200)/(-12) + (-8)/12. Suppose -w = -5*k + k. Suppose -k*h + 10 = 2*j, -2*j - h - 2 = -0. Let b(m) = m**3 + 5*m**2 + m - 3. Determine b(j).
12
Let v(t) = t**3 - 7*t**2 - 9*t - 2. Let j(z) = -4*z**2 + z**2 - 4*z + 5*z**3 - 1 - 4*z**3. Let x(i) = -7*j(i) + 3*v(i). What is x(-1)?
4
Let l be (4 + -4)/(3/(-1)). Suppose l = -4*k + 4 + 8. Let z(o) = 2*o**2 + 106*o - 2*o**2 + 4*o**2 - o**3 + 2 - 108*o. Give z(k).
5
Suppose 3 = 4*m - 5*m + 2*s, 0 = -5*m - s - 4. Let d be -1 + 3 + m + 1. Let q(x) = -d + 4*x**2 + 1 - x**3 - x**3 - 2*x**2. Calculate q(-1).
3
Let q(j) be the second derivative of 5*j**3/2 - 8*j. Let n(i) = -61*i. Let a(c) = -2*n(c) - 9*q(c). Calculate a(1).
-13
Let k(l) be the second derivative of -l**4/8 + l**3/6 + 2*l**2 + 4*l. Let r(u) be the first derivative of k(u). Let z be (-2 - (-2 + 4)) + 2. Calculate r(z).
7
Let q be (-8)/(-36) + (-2915)/(-45). Let b = q + -70. Let p(o) = -o - 10. Determine p(b).
-5
Let a(y) = -y - 16. Let i be 12*(1 + (1 - 0))/(-2). Determine a(i).
-4
Let a(y) = y**2 + 6*y - 3. Let h = -416 - -409. Determine a(h).
4
Let i(n) = -6 + 5*n - 6*n + 1 - 2 + 5*n. Calculate i(4).
9
Let d(b) = b**2 - 4*b - 4. Let h be 7 + ((-12)/(-42) - (-8)/(-28)). Calculate d(h).
17
Let d(f) = 6*f**2 - 3*f + 0*f**2 - 4*f**2 - 2 - f**2. Let u be d(5). Suppose -2*a + u = -4*y, 0 = 2*a + y + 3*y + 32. Let w(j) = j + 8. Determine w(a).
2
Let b(m) = 6 - m**3 - 2 + 6*m**2 - 1 - 8*m. Let l be (-1)/(-4) + -3 + 111/(-12). Let d(j) = 3*j + 41. Let s be d(l). Determine b(s).
-12
Let g(q) = -141*q**2 + 1 - q + 269*q**2 - 138*q**2 + q. Calculate g(-1).
-9
Let g(f) = f**2 + 4*f + 3. Suppose 0 = z, 2*h + 0*z - 5*z + 8 = 0. Give g(h).
3
Let t(b) = -17*b + 1. Suppose -13*l + 10 = -23*l. What is t(l)?
18
Let l(w) be the third derivative of -w**6/120 + w**5/20 - w**4/8 + w**3/3 - w**2 + 134*w. Give l(2).
0
Let b = -3 + 5. Let w be (1 - 3)/(b/(-4)). Let g(v) = 8*v - v - 2 - 1 - 5*v. Give g(w).
5
Let l(k) = -k + 8. Let o = 296 + -286. What is l(o)?
-2
Let k(i) = -5*i**2 + 2. Let o be ((-4)/7)/2 - (-76)/(-28). Calculate k(o).
-43
Suppose -372*g + 374*g + v = -14, -3*g = v + 18. Let d(f) = 2 + f**3 - 4*f - 2*f**2 + 5*f**2 + f. Calculate d(g).
-2
Let w(x) = x + 31. Let r be w(-25). Let u(f) = 60*f**2 + r - f - 59*f**2 - 5*f. Determine u(6).
6
Let x(h) = -h**3 + 4*h**2 - 4*h + 2. Let w be x(2). Let l be w - (-8)/(2 - 1). Let k(b) = -4*b**3 + 3 - 14*b - 6*b**2 + 8*b + 5*b**3 + l*b. Determine k(5).
-2
Let s = -1672 - -1675. Let f(n) be the third derivative of n**2 - 7/24*n**4 + 0 + 0*n + 0*n**s. Determine f(1).
-7
Let g = 33 - 30. Let i(v) = 3*v**2 + 7 - 8*v + g*v**3 + 5*v**2 - 4*v**3. What is i(7)?
0
Suppose -k + 45 = 4*k - 4*a, 30 = k - 5*a. Let l(p) = p**2. Let j(n) = -2*n**2 - 2*n - 7. Let t(r) = -j(r) - 3*l(r). Determine t(k).
-8
Let n(j) = j + 3. Let h(p) = 2*p + 7. Let u(k) = -2*h(k) + 5*n(k). Let r be 15/3 + -10 + 5. Suppose -3*m + 0 + 3 = r, o + 4*m - 9 = 0. Calculate u(o).
6
Let v = -48 - -51. Let c(f) be the second derivative of 1/6*f**v + 3/2*f**2 - 3*f + 0. What is c(-4)?
-1
Let a(c) = c**2 - 1. Let x(o) = o**2 - 15. Let z be x(5). Suppose 3*t + z = -7*t. Determine a(t).
0
Let x(t) = t**2 + 0*t**2 + 0*t**2 - 18353*t + 18351*t. Let y = -5 - -8. Calculate x(y).
3
Let x(s) = 4*s - 7. Let k be (1/2 - -1)/((-48)/(-160)). Give x(k).
13
Suppose -3*g + 7*g - 12 = 0. Let o(z) = -z**2 - z + 2. Let x(d) = d. Let u(w) = o(w) + 2*x(w). What is u(g)?
-4
Suppose -13 = -2*b - 3*w + 36, -42 = -b - 5*w. Suppose -16 = -4*q, p - 4*q + q + b = 0. Let n(y) = -y**3 - 3 - 11*y - 3 + 16*y - 4*y**2. Calculate n(p).
-6
Let k